hen 21844549 is divided by 12576?
37
What is the remainder when 1210654 is divided by 1142?
134
Calculate the remainder when 946272 is divided by 86021.
41
What is the remainder when 372420 is divided by 4880?
1540
Calculate the remainder when 38116458 is divided by 796.
794
What is the remainder when 1020078 is divided by 49?
45
Calculate the remainder when 4433917 is divided by 180.
157
Calculate the remainder when 2080288 is divided by 12921.
7
What is the remainder when 388416 is divided by 244?
212
What is the remainder when 542590 is divided by 23586?
112
Calculate the remainder when 899857 is divided by 5694.
205
Calculate the remainder when 13346195 is divided by 1400.
1395
What is the remainder when 14881668 is divided by 4960552?
12
What is the remainder when 129910236 is divided by 2253?
3
Calculate the remainder when 17467842 is divided by 996.
990
What is the remainder when 7563 is divided by 3644?
275
Calculate the remainder when 669280 is divided by 223093.
1
Calculate the remainder when 3942730 is divided by 960.
10
Calculate the remainder when 6084314 is divided by 25.
14
What is the remainder when 31394107 is divided by 113?
108
What is the remainder when 2893651 is divided by 22?
13
What is the remainder when 8643554 is divided by 1408?
1250
What is the remainder when 1923526 is divided by 75?
1
What is the remainder when 783832 is divided by 20?
12
Calculate the remainder when 152603 is divided by 576.
539
Calculate the remainder when 1267632 is divided by 622.
618
Calculate the remainder when 2994281 is divided by 3537.
1979
Calculate the remainder when 558806 is divided by 1187.
916
Calculate the remainder when 143461 is divided by 17.
15
Calculate the remainder when 1467578 is divided by 2738.
10
What is the remainder when 2063742 is divided by 263?
244
What is the remainder when 4992447 is divided by 257?
222
Calculate the remainder when 82199 is divided by 2596.
1723
Calculate the remainder when 40765 is divided by 36690.
4075
What is the remainder when 8404042 is divided by 312?
10
What is the remainder when 3799946 is divided by 7?
3
What is the remainder when 3577497 is divided by 62?
35
What is the remainder when 40418278 is divided by 176499?
7
Calculate the remainder when 18614267 is divided by 39.
35
What is the remainder when 1485953 is divided by 496?
433
What is the remainder when 468147 is divided by 5319?
75
Calculate the remainder when 265436 is divided by 199.
169
Calculate the remainder when 48295 is divided by 1300.
195
What is the remainder when 118264 is divided by 1206?
76
What is the remainder when 650590 is divided by 162370?
1110
What is the remainder when 194660494 is divided by 97330246?
2
Calculate the remainder when 2655928 is divided by 660.
88
What is the remainder when 1233269 is divided by 25168?
37
What is the remainder when 520812 is divided by 4483?
784
Calculate the remainder when 380574 is divided by 190007.
560
What is the remainder when 30360537 is divided by 35?
32
What is the remainder when 23012446 is divided by 2785?
2776
Calculate the remainder when 49345573 is divided by 16448522.
7
Calculate the remainder when 5663191 is divided by 2234.
1
Calculate the remainder when 1328852 is divided by 93.
68
What is the remainder when 1191642 is divided by 59580?
42
Calculate the remainder when 17090 is divided by 124.
102
What is the remainder when 1973660 is divided by 235?
130
What is the remainder when 100056255 is divided by 2097?
2094
What is the remainder when 595412 is divided by 2362?
188
Calculate the remainder when 184412 is divided by 8840.
7612
Calculate the remainder when 72345 is divided by 134.
119
Calculate the remainder when 56311405 is divided by 15.
10
What is the remainder when 7828443 is divided by 726?
711
Calculate the remainder when 158951 is divided by 3879.
3791
What is the remainder when 13210078 is divided by 1168?
1166
What is the remainder when 29493 is divided by 935?
508
What is the remainder when 74923747 is divided by 10?
7
What is the remainder when 13851 is divided by 13218?
633
Calculate the remainder when 1378216 is divided by 20235.
2236
What is the remainder when 15407666 is divided by 7703833?
0
Calculate the remainder when 120132535 is divided by 258.
253
Calculate the remainder when 23331 is divided by 23141.
190
What is the remainder when 55569 is divided by 7917?
150
Calculate the remainder when 143510 is divided by 71549.
412
Calculate the remainder when 604645 is divided by 201536.
37
What is the remainder when 168262406 is divided by 58?
56
Calculate the remainder when 13457936 is divided by 286339.
3
What is the remainder when 65021699 is divided by 724?
707
Calculate the remainder when 9394010 is divided by 154000.
10
What is the remainder when 115821 is divided by 781?
233
What is the remainder when 305887 is divided by 130?
127
What is the remainder when 21089 is divided by 13192?
7897
Calculate the remainder when 319997 is divided by 106228.
1313
Calculate the remainder when 142302578 is divided by 170.
168
What is the remainder when 1755936 is divided by 458?
422
What is the remainder when 2453189 is divided by 22?
13
Calculate the remainder when 11097210 is divided by 2774276.
106
What is the remainder when 436332 is divided by 219?
84
What is the remainder when 1557396 is divided by 778119?
1158
What is the remainder when 171533774 is divided by 14?
6
Calculate the remainder when 673897 is divided by 432.
409
What is the remainder when 355838 is divided by 103?
76
What is the remainder when 38137 is divided by 223?
4
What is the remainder when 2669880 is divided by 221?
200
What is the remainder when 1618107 is divided by 539367?
6
What is the remainder when 45458223 is divided by 6494031?
6
Calculate the remainder when 5709558 is divided by 8.
6
Calculate the remainder when 1862861 is divided by 2357.
831
What is the remainder when 105579 is divided by 203?
19
Calculate the remainder when 167924 is divided by 650.
224
Calculate the remainder when 15810 is divided by 12099.
3711
What is the remainder when 308736 is divided by 562?
198
Calculate the remainder when 2921013 is divided by 2079.
18
Calculate the remainder when 7222854 is divided by 1585.
9
Calculate the remainder when 405576 is divided by 1352.
1328
Calculate the remainder when 104564 is divided by 10488.
10172
Calculate the remainder when 4186181 is divided by 1447.
10
What is the remainder when 1854515 is divided by 370887?
80
Calculate the remainder when 25317394 is divided by 1833.
1831
What is the remainder when 180964 is divided by 274?
124
What is the remainder when 28416924 is divided by 24?
12
Calculate the remainder when 16336020 is divided by 9432.
9228
What is the remainder when 7923342 is divided by 8953?
8890
What is the remainder when 119576 is divided by 29888?
24
Calculate the remainder when 1098297 is divided by 143.
57
Calculate the remainder when 345110139 is divided by 20.
19
Calculate the remainder when 10558962 is divided by 5279478.
6
What is the remainder when 251317 is divided by 569?
388
Calculate the remainder when 3717481 is divided by 39.
1
What is the remainder when 385484 is divided by 762?
674
What is the remainder when 112123456 is divided by 37?
25
Calculate the remainder when 891430 is divided by 445622.
186
Calculate the remainder when 1924767 is divided by 19.
10
What is the remainder when 743549 is divided by 106209?
86
What is the remainder when 100960 is divided by 99900?
1060
What is the remainder when 56563874 is divided by 43?
40
Calculate the remainder when 74110660 is divided by 1403.
1394
Calculate the remainder when 878449 is divided by 219114.
1993
What is the remainder when 168736305 is divided by 4629?
4626
What is the remainder when 1730899 is divided by 5?
4
What is the remainder when 1326998 is divided by 302?
10
Calculate the remainder when 283895734 is divided by 3022.
3010
Calculate the remainder when 22490674 is divided by 52.
50
What is the remainder when 3365475 is divided by 507?
9
Calculate the remainder when 5497149 is divided by 1359.
1353
Calculate the remainder when 2944007 is divided by 79.
72
Calculate the remainder when 766665 is divided by 26387.
1442
Calculate the remainder when 21214 is divided